 11?
5
Suppose 3*t - 17*h = -13*h + 209, 0 = -2*t - h + 121. Calculate the remainder when 326 is divided by t.
11
Let m(a) = -a + 7. Let n be m(2). Suppose n*x + 3*v = 747, 0*x + x - v = 143. Calculate the remainder when x is divided by 30.
27
Let i(t) = -t**3 - 10*t**2 - 9*t + 7. Suppose 31 + 37 = 4*r + 2*n, 0 = 3*r + 5*n - 37. Calculate the remainder when r is divided by i(-9).
5
Let n(y) = -y**2 + 9*y + 6. Let h be n(9). Suppose -x = -h*x - 20. What is the remainder when -2 + (-99 + -1)/x is divided by 6?
5
Let g = 24 + -24. Suppose -5*f + 120 = -h, g*h = -f + 3*h + 38. Suppose f - 8 = 3*q. Calculate the remainder when 9 is divided by q.
4
Suppose 0 = -2*o + 4, 3*a + 9*o = 7*o + 355. What is the remainder when a is divided by 62?
55
Let k = 615 + -437. What is the remainder when k is divided by 15?
13
Let z(i) = i**3 - 10*i**2 + 13. Let v(c) = -43*c**2 + c. Let x be v(2). Calculate the remainder when (-6)/21 + x/(-7) is divided by z(10).
11
Let m(n) = 13*n - 65. Suppose 4*p = -248 + 36. Let a = 76 + p. Calculate the remainder when a is divided by m(6).
10
Suppose -4*a + 467 = 371. What is the remainder when 88 is divided by a?
16
Let l(j) = 2*j**2 - 1. Suppose 14*r - 19 - 9 = 0. Suppose -3*y + r = -13. Calculate the remainder when l(-2) is divided by y.
2
Calculate the remainder when 14*((-270)/(-12) + 3) is divided by 40.
37
Let s(c) = -2*c - 7. Let p = -42 + 47. Calculate the remainder when s(-8) is divided by p.
4
Suppose 3*x - 34 = 5*o, -2*x - 5*o + 2 = -4. Suppose -3*k + 7*k = x, 4*a - 34 = -3*k. What is the remainder when a is divided by 3?
1
Suppose -25 - 96 = -x. Let c be -85 + 1*(2 + -3). Let z = x + c. What is the remainder when z is divided by 9?
8
Let h be 0/(4 - (5 - 0)). Suppose 4*i - 25 - 7 = h. What is the remainder when 31 is divided by i?
7
Let v = 639 + -447. Suppose 24*y = 27*y - 2*b - 57, -4*b = 4*y - 36. What is the remainder when v is divided by y?
12
What is the remainder when 95 is divided by (0 + (-5)/5)*-21?
11
Suppose 3*x - 4*v = 354, -404 = -2*x - 4*v - 168. Calculate the remainder when x is divided by 5.
3
Let r = 5 + -6. Let j = -152 + 161. What is the remainder when r/(1 - -1)*-30 is divided by j?
6
Suppose 23*t = 21*t + 160. What is the remainder when 314 is divided by t?
74
Suppose -31*j = -28*j + 15. Calculate the remainder when 25 is divided by (-42)/j - 27/(-45).
7
Suppose 39*t - 288 = 3*t. Calculate the remainder when 55 is divided by t.
7
What is the remainder when 74 is divided by (0/11 - 4)*(-26)/8?
9
Let q be 7/14 + 51/2. Let d = q + 69. Calculate the remainder when d is divided by 25.
20
Let y(j) = j**2 + j - 1. Let o = -91 - -97. Calculate the remainder when y(5) is divided by o.
5
Suppose -3 = r + 8. Let f = r - -41. What is the remainder when 118 is divided by f?
28
Let t = 130 + -23. Calculate the remainder when t is divided by 11.
8
Let b = -33 + 41. What is the remainder when 35 is divided by 8/32 + 150/b?
16
Let f(d) = -16*d - 15. Let m(u) = -8*u - 8. Let x(j) = -3*f(j) + 5*m(j). Let o = 1062 - 1050. What is the remainder when x(5) is divided by o?
9
Suppose 2*v = o + o - 154, -2*v + 302 = 4*o. What is the remainder when 303 is divided by o?
75
Let o be 530/7 + 2/7. Suppose -t - 5*t = 180. Let i = o + t. What is the remainder when i is divided by 16?
14
Suppose -4*n - 4*j + 608 = 0, 4*j - 286 - 469 = -5*n. Calculate the remainder when n is divided by 49.
0
Calculate the remainder when 5/40*-6*-196 is divided by 15.
12
What is the remainder when 301 is divided by (-9699)/(-122)*((-15)/(-9) - 1)?
36
Let m(b) = -3*b**3 - 7*b**2 - 6*b - 4. Calculate the remainder when m(-4) is divided by 21.
16
Suppose -g + 2*d + 349 = 4*g, 2*d = -4*g + 272. Let h(t) = -t**2 - 11*t. Let y be h(-11). Let x = 18 - y. Calculate the remainder when g is divided by x.
15
Let k(x) = -x**2 - 2*x + 6. Let h be k(4). Calculate the remainder when (-422 - 1)*2*3/h is divided by 29.
25
Let u(y) = y**3 + 4*y**2 - 24*y - 49. Calculate the remainder when u(-6) is divided by 13.
10
Suppose 4*h - h = 63. Suppose 3*c = -0*c - 9, -3*b - 4*c = -h. Suppose -129 - 95 = -7*q. Calculate the remainder when q is divided by b.
10
Let p(f) = -46*f - 44. Let w be p(-8). Suppose k - a - 90 = 0, -5*a + w = 3*k + k. What is the remainder when k is divided by 29?
28
Calculate the remainder when (88/33)/((-2)/(-12)) is divided by 13.
3
Suppose -2*g - 22 = 2*o - 3*o, 4*g - 20 = -2*o. Let c = 20 - o. Calculate the remainder when 8 is divided by c.
0
Suppose -3*n - a - 70 = -3*a, 0 = 5*n + 2*a + 90. Let y = n - -28. Let j(g) = -29*g - 118. Calculate the remainder when j(-5) is divided by y.
3
Suppose -2*l = -4*f + 140, 5*f = 2*l + 91 + 85. Calculate the remainder when 322 is divided by f.
34
Let j = 79 + -39. Suppose 85 + 91 = 8*z. Calculate the remainder when j is divided by z.
18
What is the remainder when 23 is divided by (-12 - (-9 - 9))/(6/20)?
3
Let f(u) = -3*u**2 + 13*u - 5 - 4*u**2 - u**3 - 1 - 15*u. Calculate the remainder when 47 is divided by f(-7).
7
Suppose 4*b + 0*b = -24. Let z be b/5*(-35)/14. Suppose -94 = -z*u - 31. Calculate the remainder when 62 is divided by u.
20
Suppose -5 = -5*t - 0*t. Suppose -5*g - t = -6. Let h(x) = 20*x**3 + x**2 - 2*x + 2. Calculate the remainder when h(g) is divided by 6.
3
Let u = -135 + 190. Suppose -a - 1 + 12 = -4*j, 3*j - 101 = -5*a. What is the remainder when u is divided by a?
17
Suppose a - 4 - 2 = -2*z, z - a = 3. Let s(t) = t + 2. Let g be s(7). Calculate the remainder when 75 is divided by (g/z)/(6/52).
23
Let j be 15/5*5/1. Let f be 80/j + (-2)/6. Suppose f*a = 3 + 22. What is the remainder when 14 is divided by a?
4
What is the remainder when 32 is divided by 110/(-35)*8/(24/(-21))?
10
Suppose -h + 60 - 207 = -4*c, 5*h + 2*c = -779. Let g = 81 + h. Let z = g + 110. What is the remainder when z is divided by 13?
10
Let x = 18 + -16. Suppose x*t - 5 = -1. Suppose -3*v + 58 + 32 = -t*q, 4*v = -4*q + 100. Calculate the remainder when v is divided by 10.
8
Let p be (-6)/(((-4)/3)/(6/(-9))). Calculate the remainder when 42 is divided by p/((-45)/6) - 53/(-5).
9
Let l(r) = -7*r + 27. Let a be l(5). Calculate the remainder when 11 is divided by 2*(-3)/8 + (-30)/a.
2
What is the remainder when (-37 - -137)/(-1 + 3) is divided by 27?
23
Let v(m) = -m**3 - 9*m**2 - 8*m + 2. Let l be v(-8). Suppose -6 = -l*b - 0. Calculate the remainder when -2*1*(-33)/6 is divided by b.
2
Let n = 134 - 99. Calculate the remainder when 205 is divided by n.
30
Let l(h) = -h**3 - h**2 + 3*h + 15. Let k be l(0). Let t(f) = f**3 - 15*f**2 + f + 7. What is the remainder when t(k) is divided by 8?
6
What is the remainder when (-6)/(-324)*24 + (-5536)/(-18) is divided by 26?
22
Let n = -13 + 18. Let t(w) = -w**3 - 11*w**2 + 8*w + 95. Calculate the remainder when t(-11) is divided by n.
2
Let d = 73 - 48. Calculate the remainder when 398 is divided by d.
23
Let u = 391 - 242. What is the remainder when u is divided by 30?
29
Let j(m) = m**3 + 8*m**2 + 4*m + 9. What is the remainder when j(-6) is divided by 29?
28
Suppose -4*o = 2*o - 198. Suppose -4*a + 24 = 2*x - 2*a, 0 = -3*a. Calculate the remainder when o is divided by x.
9
What is the remainder when 90 is divided by (188/(-10))/((-17)/((-765)/(-18)))?
43
Let u be 18/27 + (-142)/(-3). Suppose 0 = -2*n - n + 3*y + u, 2*y = n - 21. Calculate the remainder when 41 is divided by n.
8
Let h(g) = g**2 + g - 1. Let z(c) = 2*c**2 - 3*c - 24. Let d(y) = -3*h(y) - z(y). Calculate the remainder when d(0) is divided by 7.
6
Let c(m) = 4*m**2 + 35*m - 1. What is the remainder when 126 is divided by c(-10)?
28
Let r = 38 + 11. Suppose 23*w - 4*q + 28 = 25*w, q = 4*w - 38. What is the remainder when r is divided by w?
9
Suppose 3*d - 5*m = -55 + 221, 3*d = 3*m + 156. Calculate the remainder when d is divided by 25.
22
What is the remainder when -284*10/(-20)*1 is divided by 9?
7
Suppose -2*o = 3*q - 0 - 3, -q = o - 4. Suppose -n = -3*v + 122 - o, n + 119 = -3*v. Let t = -83 - n. Calculate the remainder when t is divided by 12.
9
Suppose -6 = -2*k, 2*u = 3*k + 2 - 7. Suppose u*g - 7*g + 230 = 0. Suppose 3*s + 1 - 37 = 0. Calculate the remainder when g is divided by s.
10
Let x(z) = 6*z**2 - 7*z + 3. Let g(q) be the second derivative of -q**5/20 - 5*q**4/12 + q**3/6 - 6*q. What is the